/2 - o**2 - 317*o. Suppose 0 = 7*n + 14 - 28. Calculate f(n).
4
Let n(t) = t**3 + 3*t**2 - 5*t + 1. Let p be n(1). Let d(c) = -5*c**2 + 6. Let u(z) = -4*z**2 + 5. Let i(f) = -5*d(f) + 6*u(f). Calculate i(p).
0
Let k(p) = -10*p + 3. Let c(v) = -5*v + 2. Let y(m) = -5*c(m) + 3*k(m). Let l(w) = w**3 - 70*w**2 - 7*w + 491. Let d be l(70). Give y(d).
-6
Let u(a) = -2*a**2 - 4*a - 2. Let r be u(-2). Let y(w) be the first derivative of 2*w**3/3 - w**2/2 - w - 87. Determine y(r).
9
Let d = -91 - -95. Let a(r) = 4*r**2 - r**3 - 3 + d*r + 0*r**3 + 0 - 1. Suppose 2*z - 3*f + 4*f = 11, -2*z = -2*f - 8. What is a(z)?
-9
Let x(n) = 8*n - 206*n**2 - 51 + 120 + 17 + 205*n**2. Calculate x(-6).
2
Let b(k) = -k**2 + 35*k - 39. Let g(i) = i**2 - 38*i + 41. Let l(a) = -15*b(a) - 14*g(a). Determine l(-6).
5
Let x(u) be the third derivative of u**7/5040 + u**6/144 - u**5/15 - 41*u**2. Let v(k) be the third derivative of x(k). Let m = -11 - -6. Calculate v(m).
0
Let s(l) = -l**3 + 3*l**2 - 3*l + 3. Let a = 361 - 332. Let x(g) = -g**2 + 32*g - 84. Let y be x(a). Calculate s(y).
-6
Let a be (-15)/2*(2 + 0). Let n(m) be the first derivative of m**4/4 + 5*m**3 - 2*m - 86802. Give n(a).
-2
Suppose -39*w + 8 = -37*w. Let s(y) = -w*y - 3 - 5 + 13. Give s(-5).
25
Let d = 1 - 2. Let x(s) = 15*s**2 - 31*s. Let t(v) = -5*v**2 + 5*v. Let m(h) = -6*t(h) - x(h). What is m(d)?
14
Let b be (0 - 1)/((-8)/24). Let h(d) = 9*d - 1. Let m(f) = 19*f - 9. Let x(y) = -2*h(y) + m(y). What is x(b)?
-4
Let b(d) = 2*d**3 - 14*d**2 + 13*d - 89. Let c be b(7). Let z(s) be the first derivative of 13 - 2*s - 1/4*s**4 + 0*s**c + s**3. Determine z(2).
2
Let q(d) = 7*d**2 - 733859*d + 3*d**2 + 733926*d - 3. Determine q(-7).
18
Let g(z) = 5*z - 142. Suppose -278 + 774 = 16*x. Calculate g(x).
13
Let y(o) = 1015*o**2 + 107*o + 1336. Let b(m) = 369*m**2 + 35*m + 445. Let u(x) = -11*b(x) + 4*y(x). Give u(-19).
-7
Let k(q) = 2*q**3 + 17*q**2 - 54*q - 232. Let a be k(-10). Let w(j) = j - 16. Calculate w(a).
-8
Let o be 9/2*(-4)/(-3). Let p(h) = -7*h + h**2 + 16302003 - 16301999 + 8*h. Determine p(o).
46
Let x(h) = -h**3 - 2*h**2 + 9*h + 3. Suppose -u - 4 = 3*k, 0*k = 3*k + 3*u - 6. Let n(z) = z**2 - 1. Let m(i) = k*n(i) + x(i). Calculate m(-6).
-12
Suppose 51 = -5*c - 4*k, -4*c - 2*k = -6*k + 12. Let x(h) be the first derivative of h**3/3 + 3*h**2 - h - 47. Determine x(c).
6
Let j(p) = -p**2 - p**2 - 2 - 315*p + 302*p - 1. Let l be j(-6). Let z(h) = 0 + 5333*h**3 + 9 - 10*h**2 + 8*h - 5332*h**l. Calculate z(9).
0
Let m(p) = 14*p - 5*p - 6*p - 1 + 0. Suppose 6*a - 8*a = -3*o - 18, -2*o - 17 = -3*a. Let i be 3*((-2)/a)/2. Calculate m(i).
-4
Suppose -2*g + 60*b + 97 = 65*b, -4*b + 90 = 2*g. Let z(t) = t**2 - 31*t - 2. What is z(g)?
-2
Let w(r) = -6*r**2 + 3*r - 4. Suppose -f = -2*b - 1, -3*f = 2*f - 15. Determine w(b).
-7
Let a(s) = -37*s - 71. Let m be a(-2). Let l(z) be the third derivative of -1/120*z**6 - 3/8*z**4 + 0*z + 3/20*z**5 + 5/6*z**m - 22*z**2 + 0. Determine l(8).
-3
Let r = 864 + -319. Let z = 542 - r. Let u(i) = -2*i + 1. Calculate u(z).
7
Let y(g) = -44*g + 1. Suppose -3*j + 76*s = 81*s + 3, -2*j - 4*s - 2 = 0. Calculate y(j).
45
Let l be (-15)/(-8)*(-688)/(-860). Let h(a) be the first derivative of -l*a**2 + a - 10. What is h(5)?
-14
Let c(j) = -j - 2. Let r(l) = -12*l + 5. Let a(x) = -3*c(x) - r(x). Let g = 13 - 9. Suppose -t + 2 + 0 = 3*s, 0 = -3*s - g*t + 17. What is a(s)?
-14
Let s(w) = 6*w + 13. Let b be 9 + (8/(-2) - 6) + -8. Calculate s(b).
-41
Let j(t) = -2*t**2 - 2*t + 1. Suppose -4*x - 807 = -r, -r - 8*x + 780 = -3*x. Let m = r + -794. Calculate j(m).
-3
Let k = -50 - -52. Let s(i) = -2*i**2 - k*i - 3*i**3 + 9 - 19 + 10. Suppose 5*x + 3*r + 2*r - 5 = 0, -4*x - r - 5 = 0. Give s(x).
20
Let y(u) = -5*u**2 - 10*u - 2. Let c(z) = -8*z**2 - 20*z - 4. Let n be -2*27/(-12)*46/69. Let a(q) = n*c(q) - 5*y(q). Determine a(12).
22
Let m(z) = -z**3 - 23*z**2 + 21*z - 70. Suppose 15*h = 2*g + 16*h + 52, -68 = 3*g - h. Give m(g).
2
Let k(y) = -53*y**2 + 38*y + 4. Let s(q) = -20*q**2 + 14*q + 1. Let w(a) = 3*k(a) - 8*s(a). Determine w(-3).
7
Let p(y) = -6*y**3 - 4*y**2 + 5*y - 11. Let a(c) = -10*c**3 - 9*c**2 + 9*c - 18. Let k(j) = 4*a(j) - 7*p(j). What is k(4)?
9
Let v(b) = -b**2 - 2*b. Let m(s) = s**2 - 33*s + 9. Let u(i) = -m(i) + 2*v(i). Calculate u(10).
-19
Suppose -2*d - 22 = 3*p - 30, -3*d + 12 = -5*p. Let m(n) = -3*n**3 + 3*n**2 - n + 17. Let q(x) = x**3 - x**2 + x + 1. Let g(y) = m(y) + 2*q(y). What is g(p)?
19
Let f(y) = -y + 20. Suppose 289 = 80*g - 1151. Determine f(g).
2
Let s(a) = -a**3 - 3*a**2 + 3*a - 4. Let j(v) = 3*v**3 - 7*v**3 - 3*v**2 + 67 + 3*v**3 - 72 + 4*v. Let z(y) = 2*j(y) - 3*s(y). Calculate z(-4).
-10
Suppose 0 = 5*i - 2*g + 68, 4*i + 70 - 10 = 3*g. Let k(p) = -3*p - 23. Give k(i).
13
Let y(t) = -4*t - 1 + 2*t + 4. Let f(b) = 19*b**2 - 16*b - 1258. Let s(u) = -12*u**2 + 11*u + 839. Let v(i) = -5*f(i) - 8*s(i). Let n be v(-17). Calculate y(n).
-3
Let o(v) = -15*v**2 + 1031 - v + 14*v**2 - 1035. Let m(a) = -a**2 + 3*a + 1. Let f be m(2). Give o(f).
-16
Let p(o) be the third derivative of -o**4/24 - 11*o**3/3 - o**2. Let a(g) = -8*g**2 - 116*g + 322. Let n be a(-17). Determine p(n).
-4
Let r = -291 - -1350. Let d(p) = r*p - 527*p - 526*p - 2 + p**2. Give d(-7).
5
Suppose 3*t = 5*g + 7, -5*t - 20 = 36*g - 38*g. Let w(y) = -y**3 - 5*y**2 + 4*y - 2. What is w(t)?
10
Let a(q) = -12*q**3 + 4*q**2 - 38*q - 12. Let m(x) = -11*x**3 + 3*x**2 - 36*x - 11. Let k(b) = 12*a(b) - 13*m(b). Calculate k(11).
-111
Let c(a) = a**2 - a - 9. Let j be c(0). Let v(k) be the first derivative of k**4/4 + 8*k**3/3 - 9*k**2/2 - 3*k + 4319. Calculate v(j).
-3
Let q(f) be the first derivative of f**4/4 + f**3 + f**2 + 3*f - 1. Suppose 18 + 6 = 4*z. Let t be 4/z*(-27)/(-12)*-2. Calculate q(t).
-3
Let o(b) be the third derivative of 3*b**4/4 + 14*b**3/3 + 3*b**2 + 2*b + 173. Give o(-3).
-26
Let b(d) = -2*d**2 + 5*d + 4. Suppose -3*v - 5 = -4*v - 2*i, -i - 36 = -3*v. Suppose -9 = -2*u - 5*q + 5, -3*u = 5*q - v. What is b(u)?
-29
Let s(l) = -273*l**3 + 546*l**3 - 272*l**3 + 4*l**2 - l - 15 - 3*l**2. Give s(0).
-15
Suppose 5*p = 0, p + 9 = 3*l + 3*p. Let z(f) = -2*f**2 + 236*f**3 - 115*f**3 + l*f - 123*f**3 + 2. Determine z(-2).
4
Let z = -234 + 239. Suppose 3*p = 2*t + 39 - 20, 2*p - z*t = 20. Let u(n) = -4*n + 7. Give u(p).
-13
Let d(b) be the second derivative of 4*b**4/3 + b**2/2 - 2*b + 21816. Suppose 0*m + 3 = 3*m. Calculate d(m).
17
Let o(m) be the second derivative of m**6/120 - m**5/60 - m**4/12 - m**3/2 + 97*m**2/2 + 2*m - 158. Let g(u) be the first derivative of o(u). Calculate g(4).
37
Let d(s) = -s**3 - 4*s**2 + 6*s + 10. Suppose -70 = -94*k + 108*k. Calculate d(k).
5
Let z(y) = -y**2 + 29*y - 62. Let j be z(2). Let b(m) be the first derivative of -m**4/4 - 8*m**3/3 + m**2 + 11*m + 1. What is b(j)?
-5
Let i(j) = 3*j. Let x(y) = -y**3 - 3*y**2 + 7*y + 9. Let c be x(-4). Let f be 21 + 3 + c - 1. Suppose 0 = 16*k - f*k - 20. Give i(k).
-15
Let j(n) = 3*n**3 + 2*n**2 - n. Suppose -4*w + 3*s + 87 = -127, -3*w + 169 = 2*s. Suppose -c + 15 = -f - 2*c, -5*c - w = 3*f. Let q be 7/14 - f/(-4). Give j(q).
-14
Suppose -5*i + 2 + 3 = -4*f, f + 4 = 4*i. Let u(a) = -i + 5*a**2 - a**2 - 6*a**2 + 3*a + a**3. Suppose -4*k + 26 = -3*l, -k - 7 + 9 = -3*l. Give u(l).
5
Let a(m) = -m - 174. Let y(s) = 3*s + 551. Let x(z) = -19*a(z) - 6*y(z). Let q = -2 + 6. What is x(q)?
4
Suppose 0 = 69*h - 37830 - 11850. Let u = h + -724. Let s(y) be the first derivative of y**4/4 + y**3 - y**2/2 + 5*y + 2. Give s(u).
-7
Let o(m) = -4*m**2 + 5 + m**3 - 2*m**3 - 3*m**2 + 4*m + 2*m**3. Let t(l) = 4*l**2 + 4*l + 39. Let f be t(-5). Let v = f + -113. Give o(v).
-7
Let x(j) = -19*j - j**3 - 16*j**2 - 5 - 13*j + 11*j + j. Let z be x(-15). Let r be ((48/(-10))/2)/(21/z). Let s(b) = -b**2 - 8*b + 2. What is s(r)?
2
Let k(a) = 3 - 2*a**2 - 7*a**2 + a**3 + 9*a**2 - 6*a. Let u be k(3). Let g(p) = -p + 5. Calculate g(u).
-7
Let l be (2/(-4))/(1*6/(-1272)). Let o = 111 - l. Let y(x) = -x**3 + 4*x**2 + 3*x + 6. What is y(o)?
-4
Suppose -4*m + 20 = 0, -49 = -3*w - 3*m - 10. Suppose 0 = -5*x + 3*n + 28, 2*x + 3*n - w*n = 15. Let h(r) = r**3 - 5*r**2 + 3*r - 4. Determine h(x).
11
Let l(v) = -2*v**2 + 4*v + 34. Suppose -31 = -5*b - 2*m, 76*b - 